{"id":15,"date":"2023-03-21T21:50:32","date_gmt":"2023-03-21T21:50:32","guid":{"rendered":"https:\/\/marcin-wieczorek.profesjonalnyprogramista.pl\/?page_id=15"},"modified":"2023-04-04T19:12:40","modified_gmt":"2023-04-04T19:12:40","slug":"home","status":"publish","type":"page","link":"https:\/\/marcin-wieczorek.profesjonalnyprogramista.pl\/","title":{"rendered":"Start"},"content":{"rendered":"\n<div class=\"wp-block-cover alignfull is-light\" style=\"min-height:700px;aspect-ratio:unset;\"><span aria-hidden=\"true\" class=\"wp-block-cover__background has-background-dim-0 has-background-dim\"><\/span><img decoding=\"async\" class=\"wp-block-cover__image-background\" alt=\"\" src=\"https:\/\/marcin-wieczorek.profesjonalnyprogramista.pl\/wp-content\/themes\/neve\/assets\/img\/starter-content\/hero.jpg\" style=\"object-position:50% 64%\" data-object-fit=\"cover\" data-object-position=\"50% 64%\"\/><div class=\"wp-block-cover__inner-container is-layout-flow wp-block-cover-is-layout-flow\">\n<div style=\"height:80px\" aria-hidden=\"true\" class=\"wp-block-spacer\"><\/div>\n\n\n\n<h1 class=\"wp-block-heading has-text-align-center has-text-color\" style=\"color:#121212\">Razem stworzymy dobr\u0105 stron\u0119<\/h1>\n\n\n\n<p class=\"has-text-align-center has-text-color\" style=\"color:#121212;font-size:17px\"><em>&#8220;Nie ma lepszej wizyt\u00f3wki ni\u017c profesjonalna strona internetowa, kt\u00f3ra jasno odzwierciedla warto\u015b\u0107 jak\u0105 oferujesz dla \u015bwiata&#8221;<\/em> ~ M\u0105dry Web Developer<\/p>\n\n\n\n<div class=\"wp-block-buttons is-content-justification-center is-layout-flex wp-container-core-buttons-is-layout-16018d1d wp-block-buttons-is-layout-flex\">\n<div class=\"wp-block-button is-style-primary\"><a class=\"wp-block-button__link wp-element-button\" href=\"https:\/\/marcin-wieczorek.profesjonalnyprogramista.pl\/index.php\/about\/\" rel=\"https:\/\/marcin-wieczorek.profesjonalnyprogramista.pl\/index.php\/about\/\">O mnie<\/a><\/div>\n\n\n\n<div class=\"wp-block-button is-style-secondary\"><a class=\"wp-block-button__link wp-element-button\" href=\"https:\/\/marcin-wieczorek.profesjonalnyprogramista.pl\/index.php\/portofolio\/\" target=\"_blank\" rel=\"noopener\">Zobacz projekty<\/a><\/div>\n<\/div>\n\n\n\n<div style=\"height:80px\" aria-hidden=\"true\" class=\"wp-block-spacer\"><\/div>\n\n\n\n<div style=\"height:80px\" aria-hidden=\"true\" class=\"wp-block-spacer\"><\/div>\n\n\n\n<p><\/p>\n<\/div><\/div>\n\n\n\n<div style=\"height:80px\" aria-hidden=\"true\" class=\"wp-block-spacer\"><\/div>\n\n\n\n<div class=\"wp-block-columns is-layout-flex wp-container-core-columns-is-layout-9d6595d7 wp-block-columns-is-layout-flex\">\n<div class=\"wp-block-column is-layout-flow wp-block-column-is-layout-flow\"><div class=\"wp-block-image\">\n<figure class=\"aligncenter size-medium is-resized\"><img loading=\"lazy\" decoding=\"async\" src=\"https:\/\/marcin-wieczorek.profesjonalnyprogramista.pl\/wp-content\/uploads\/2023\/03\/proposition-clipart-2018032647-1-300x166.png\" alt=\"\" class=\"wp-image-43\" width=\"90\" height=\"50\" srcset=\"https:\/\/marcin-wieczorek.profesjonalnyprogramista.pl\/wp-content\/uploads\/2023\/03\/proposition-clipart-2018032647-1-300x166.png 300w, https:\/\/marcin-wieczorek.profesjonalnyprogramista.pl\/wp-content\/uploads\/2023\/03\/proposition-clipart-2018032647-1.png 547w\" sizes=\"auto, (max-width: 90px) 100vw, 90px\" \/><\/figure>\n<\/div>\n\n\n<h3 class=\"wp-block-heading has-text-align-center has-neve-text-color-color has-text-color\">Tworzenie stron internetowych<\/h3>\n\n\n\n<p class=\"has-text-align-center\">Strony www, wizyt\u00f3wki, portale, formularze, aplikacje webowe, sklepy, dedykowane rozwi\u0105zania i inne.<\/p>\n\n\n\n<div style=\"height:20px\" aria-hidden=\"true\" class=\"wp-block-spacer\"><\/div>\n<\/div>\n\n\n\n<div class=\"wp-block-column is-layout-flow wp-block-column-is-layout-flow\"><div class=\"wp-block-image icon-style is-style-default\">\n<figure class=\"aligncenter is-resized\"><img loading=\"lazy\" decoding=\"async\" src=\"https:\/\/marcin-wieczorek.profesjonalnyprogramista.pl\/wp-content\/themes\/neve\/assets\/img\/starter-content\/icon-02.svg\" alt=\"\" width=\"48\" height=\"48\"\/><\/figure>\n<\/div>\n\n\n<h3 class=\"wp-block-heading has-text-align-center has-neve-text-color-color has-text-color\">Wsparcie techniczne<\/h3>\n\n\n\n<p class=\"has-text-align-center\">Modyfikacje istniej\u0105cych stron i rozwi\u0105za\u0144, integracje system\u00f3w, nadz\u00f3r i rozw\u00f3j strony.<\/p>\n\n\n\n<div style=\"height:20px\" aria-hidden=\"true\" class=\"wp-block-spacer\"><\/div>\n<\/div>\n\n\n\n<div class=\"wp-block-column is-layout-flow wp-block-column-is-layout-flow\"><div class=\"wp-block-image\">\n<figure class=\"aligncenter\"><img decoding=\"async\" src=\"https:\/\/marcin-wieczorek.profesjonalnyprogramista.pl\/wp-content\/themes\/neve\/assets\/img\/starter-content\/icon-03.svg\" alt=\"\"\/><\/figure>\n<\/div>\n\n\n<h3 class=\"wp-block-heading has-text-align-center has-neve-text-color-color has-text-color\">Kompleksowe audyty<\/h3>\n\n\n\n<p class=\"has-text-align-center\">Testowanie, analiza techniczna, SEO, pozycjonowanie, responsywno\u015b\u0107, user experience, dost\u0119pno\u015b\u0107. <\/p>\n\n\n\n<div style=\"height:20px\" aria-hidden=\"true\" class=\"wp-block-spacer\"><\/div>\n<\/div>\n<\/div>\n\n\n\n<div class=\"wp-block-cover alignfull\" style=\"min-height:300px;aspect-ratio:unset;\"><span aria-hidden=\"true\" class=\"wp-block-cover__background has-nv-dark-bg-background-color has-background-dim-100 has-background-dim\"><\/span><div class=\"wp-block-cover__inner-container is-layout-flow wp-block-cover-is-layout-flow\">\n<h2 class=\"wp-block-heading has-text-align-center has-nv-text-dark-bg-color has-text-color\">Rozpocznijmy wsp\u00f3\u0142prac\u0119 ju\u017c dzi\u015b<\/h2>\n\n\n\n<div class=\"wp-block-buttons is-content-justification-center is-layout-flex wp-container-core-buttons-is-layout-16018d1d wp-block-buttons-is-layout-flex\">\n<div class=\"wp-block-button is-style-primary\"><a class=\"wp-block-button__link wp-element-button\" href=\"mailto:marcin.wieczorek.programista@gmail.com\">Nawi\u0105\u017c kontakt<\/a><\/div>\n<\/div>\n<\/div><\/div>\n","protected":false},"excerpt":{"rendered":"<p>Tworzenie stron internetowych Strony www, wizyt\u00f3wki, portale, formularze, aplikacje webowe, sklepy, dedykowane rozwi\u0105zania i inne. Wsparcie techniczne Modyfikacje istniej\u0105cych stron i rozwi\u0105za\u0144, integracje system\u00f3w, nadz\u00f3r i rozw\u00f3j strony. Kompleksowe audyty Testowanie, analiza techniczna, SEO, pozycjonowanie, responsywno\u015b\u0107, user experience, dost\u0119pno\u015b\u0107.<\/p>\n","protected":false},"author":1,"featured_media":0,"parent":0,"menu_order":0,"comment_status":"closed","ping_status":"closed","template":"","meta":{"neve_meta_sidebar":"","neve_meta_container":"","neve_meta_enable_content_width":"on","neve_meta_content_width":100,"neve_meta_title_alignment":"","neve_meta_author_avatar":"","neve_post_elements_order":"","neve_meta_disable_header":"","neve_meta_disable_footer":"","neve_meta_disable_title":"on","_ti_tpc_template_sync":false,"_ti_tpc_template_id":"","footnotes":""},"class_list":["post-15","page","type-page","status-publish","hentry"],"_links":{"self":[{"href":"https:\/\/marcin-wieczorek.profesjonalnyprogramista.pl\/index.php\/wp-json\/wp\/v2\/pages\/15","targetHints":{"allow":["GET"]}}],"collection":[{"href":"https:\/\/marcin-wieczorek.profesjonalnyprogramista.pl\/index.php\/wp-json\/wp\/v2\/pages"}],"about":[{"href":"https:\/\/marcin-wieczorek.profesjonalnyprogramista.pl\/index.php\/wp-json\/wp\/v2\/types\/page"}],"author":[{"embeddable":true,"href":"https:\/\/marcin-wieczorek.profesjonalnyprogramista.pl\/index.php\/wp-json\/wp\/v2\/users\/1"}],"replies":[{"embeddable":true,"href":"https:\/\/marcin-wieczorek.profesjonalnyprogramista.pl\/index.php\/wp-json\/wp\/v2\/comments?post=15"}],"version-history":[{"count":6,"href":"https:\/\/marcin-wieczorek.profesjonalnyprogramista.pl\/index.php\/wp-json\/wp\/v2\/pages\/15\/revisions"}],"predecessor-version":[{"id":97,"href":"https:\/\/marcin-wieczorek.profesjonalnyprogramista.pl\/index.php\/wp-json\/wp\/v2\/pages\/15\/revisions\/97"}],"wp:attachment":[{"href":"https:\/\/marcin-wieczorek.profesjonalnyprogramista.pl\/index.php\/wp-json\/wp\/v2\/media?parent=15"}],"curies":[{"name":"wp","href":"https:\/\/api.w.org\/{rel}","templated":true}]}}